ors of 2337/2 - 2106/(-324).
5, 47
Suppose -a + 3*j = 2*a - 54, j = -2. Let k = a + -13. Suppose -4*b + 19 = 4*h - k*h, -25 = 5*h. What are the prime factors of b?
2, 3
Suppose -17172 - 12753 = -15*a. Suppose 48*r + a = 55*r. What are the prime factors of r?
3, 5, 19
Suppose -28 = -2*w + 17*y - 15*y, 4*w - 28 = -3*y. Suppose r = -5*g + 299, 3*g - w = g. What are the prime factors of r?
2, 137
What are the prime factors of (-530)/4*(36 + -142)?
5, 53
Suppose b = -4*k + 3*b + 6, 3*b = -4*k - 9. Suppose k = -38*f + 44*f - 8034. What are the prime factors of f?
13, 103
Suppose 138 - 35238 = -6*z. List the prime factors of z.
2, 3, 5, 13
Let m(y) = -2112*y + 19314. List the prime factors of m(-12).
2, 3, 827
Suppose 0 = 3*s + 5*k - 138, 2*k - 162 = -4*s + 36. Suppose -s*u + 46*u = -1835. List the prime factors of u.
367
Let v be (-1690)/(-117) - (-8)/(-18). Let q(l) = 37*l - 18. What are the prime factors of q(v)?
2, 5
Let l be (-2085)/21 - (-1 + 5/7). Let q = 301 - l. What are the prime factors of q?
2, 5
Let q be 96*24/18*2/8. Suppose -q*r - 109 = -973. What are the prime factors of r?
3
Suppose 4*q = -2*m - 1752, -8*q = -2*m - 3*q - 1761. Let o = -862 - m. List the prime factors of o.
2
Suppose 19*p = 6*p - 38974. Let i = -1501 - p. What are the prime factors of i?
3, 499
Let g(q) = -128*q**3 - 4*q**2 + 9. Let k be g(2). Let w = -618 - k. List the prime factors of w.
7, 59
Let b(h) = h**3 - 6*h**2 + 4*h + 7. Let t be b(5). Suppose -r = t*c - 669, 5*c - 1650 = 6*r - 4*r. What are the prime factors of c?
2, 83
Suppose 28*p = 25*p. Let q(g) = 1 + 5 + 6 - 2*g**2 + g. What are the prime factors of q(p)?
2, 3
Let g(y) = 12*y**2 + 6*y + 9. Let s = -1 + 4. Let h be (s + -4)*(4 - 2). List the prime factors of g(h).
3, 5
List the prime factors of -4 + ((-6)/(-9) - (146188/(-21) - 0)).
2, 7, 71
What are the prime factors of (64/(-112))/(((-16)/(-50659))/(-8))?
2, 7237
Let u be 0 - (3 + -7 - -4). Suppose u = 3*z - 2*c + 55, -4*z = -3*c + 14 + 61. List the prime factors of ((-121)/10*2)/(3/z).
11
Let r(j) = 21*j**2 - 7*j + 1. Let b be r(-5). Suppose 9*s - 6*s = b. Let v = 338 - s. What are the prime factors of v?
151
Let d(v) = -14*v - 5*v - 1 - 5*v + 0. Let u be d(1). Let a = 32 + u. What are the prime factors of a?
7
Suppose 121875 = 57*x - 353676. What are the prime factors of x?
3, 103
Let n = 172 - -279. Let k = -433 + n. List the prime factors of k.
2, 3
Let c = 215 + 399. Let s = c - 222. What are the prime factors of s?
2, 7
Let b(j) = -667*j + 2531. List the prime factors of b(-20).
59, 269
Let w = 306 - -184. Let p = w - 244. List the prime factors of p.
2, 3, 41
Let s be (1114/(-4))/(15/(-300)). Suppose 0 = g + 3*i - 877, 5*i = 5*g + 1265 - s. What are the prime factors of g?
5, 173
Suppose -448*f - 3806592 = -517*f. List the prime factors of f.
2, 431
Let f be 26/(70/(-24) + 3). Suppose -8*y + 8 = -6*y. Suppose 4*a - 7*h - 660 = -3*h, -2*a + f = y*h. What are the prime factors of a?
2, 3
Suppose 0 = -p - 4 + 7. Suppose -a - 2 - p = 0. What are the prime factors of a/(-10) + ((-203)/(-2) - 0)?
2, 3, 17
Let n = 218 - 214. Suppose 0 = -n*d + 4, -4*k = -k + 4*d - 1219. List the prime factors of k.
3, 5
Let n = 1619 + 4543. Suppose -551*a + 545*a + n = 0. List the prime factors of a.
13, 79
Let o = -566 - -2420. List the prime factors of o.
2, 3, 103
Suppose -9 = -q + c, 19 = 2*q + c + 4. Suppose -132 = -4*g + 2*a, -2*a - 3*a = -4*g + 132. Let n = q + g. List the prime factors of n.
41
Let y(g) = 4*g + 79. Let d be y(-19). Suppose -2*j + 2275 = d*j - 5*m, 5*j = -m + 2257. List the prime factors of j.
2, 113
Let d be 123*(1/9 - (-8)/36). List the prime factors of 16/((-1)/d*-83 - 2).
2, 41
Let n be (1892/8)/(5/(-10)). List the prime factors of -4 - (n + (6 - 1)).
2, 29
Suppose 2*t - 876*p - 154557 = -879*p, 4*t = -5*p + 309117. What are the prime factors of t?
3, 31, 277
Let l be 4904/14 + (-4)/14. Let a be (37 - 33)/((-2)/(-172)). Suppose -5*s + a = -s + 4*x, 4*s - l = 2*x. What are the prime factors of s?
3, 29
Let q(r) = 71*r + 46. Let t(d) = d**3 - 27*d**2 - 29*d + 32. Let h be t(28). List the prime factors of q(h).
2, 3, 5, 11
Suppose 2*l = 5*l - 48. Suppose -2*n + 4*q = l, -3*q = n - 0*q + 18. What are the prime factors of 6*(-1)/8 + (-885)/n?
73
Let k = -6503 + 8335. What are the prime factors of k?
2, 229
Let y be 3/(-7) - (-208500)/420. Suppose 0 = 2*x - 6*x + y. List the prime factors of x.
2, 31
Let g(y) = -3*y**2 - 259*y - 166. List the prime factors of g(-71).
2, 5, 31
Let b be (3 + 1)/(-4 - -6). Suppose -m - b = -h, 5 = h + m + 3. Suppose 2*r - 15 - 9 = 2*g, 3*r - 41 = -h*g. What are the prime factors of r?
13
Let r = 13188 - 5609. Suppose 4*o - 5*d - r = -2495, 3802 = 3*o - d. What are the prime factors of o?
2, 3, 211
Let r be -3*(-40)/12*3/6. Suppose 0 = r*k + 2*k. Suppose 2*j + j - 179 = 5*z, k = -2*j + 3*z + 119. List the prime factors of j.
2, 29
Suppose -4*t = i - 9887, 7*t + i = 2*t + 12360. What are the prime factors of t?
2473
Let v = -44716 + 95794. List the prime factors of v.
2, 3, 8513
Let a(o) = -o**3 + 7*o**2 - 2*o + 27. Let f be a(8). Let r = 236 + f. What are the prime factors of r?
3, 61
What are the prime factors of 123/41 + (-40)/(-12)*(-21978)/(-5)?
3, 5, 977
Let n(b) = b**3 - 4*b**2 - 2*b + 8. Suppose 12*r - 7*r - 195 = 0. Let q = 44 - r. List the prime factors of n(q).
23
Suppose 116*d - 2043529 = 1847923. What are the prime factors of d?
33547
Let i(j) = 2*j**2. Let o be i(-1). Suppose 16 = o*m + 2*m. Suppose -115 = -m*p - 83. List the prime factors of p.
2
What are the prime factors of (3906/70)/(-31)*20180/(-6)?
2, 3, 1009
Let v(g) = g**2 + 15*g - 12. Let p be v(-16). Suppose 6*b - 5*r = p*b - 35, -62 = 4*b - 2*r. List the prime factors of (40/b + 2)*-153.
2, 3, 17
Let g(b) = 3*b**2 + 70*b - 12. Let h be g(-26). Let s(l) = l**3 + 7*l**2 - 12*l + 3. Let z be s(-9). Let o = z + h. What are the prime factors of o?
5, 29
Let q(h) = 16*h + 56. Let g(t) = -14*t - 53. Let k(r) = -6*g(r) - 5*q(r). Suppose -2*n - 104 = -6*n. List the prime factors of k(n).
2, 71
Let z be -4 + 11 + 0/(-2). Let r(f) = 2*f - 2*f + 0 + 5*f**2 - 2 + z*f. List the prime factors of r(5).
2, 79
Let q(b) = 5*b + 2 - 4*b**2 + 32*b**3 + b + 55*b**3. What are the prime factors of q(2)?
2, 347
Let p be 2/15*-5*423. Let u = p + 577. List the prime factors of u.
5, 59
Suppose -2658 = 429*z - 431*z. Let o = z + 558. What are the prime factors of o?
3, 17, 37
Let j = 11214 + 722. What are the prime factors of j?
2, 373
Suppose -3*a + 4*b = -523, 4*a = -21*b + 18*b + 689. Suppose 6*i - 2167 = a. What are the prime factors of i?
2, 3, 5, 13
Let g = 525 + -178. Let l = 531 + g. What are the prime factors of l?
2, 439
Suppose -4*u - 5*a + 210908 = 0, 210936 = 4*u + 13*a - 15*a. List the prime factors of u.
2, 13183
Suppose 6*b = -152*b + 2373792. List the prime factors of b.
2, 3, 313
Suppose -10*l = -228 - 292. Suppose 0 = 5*n - 26 - 9. Let j = l + n. List the prime factors of j.
59
Let s(z) be the second derivative of 2*z**4 + 2*z**3/3 - 3*z**2/2 + 3*z + 12. List the prime factors of s(-3).
3, 67
Suppose -3*t - 4*b - 892 = 0, -4*b - b + 1510 = -5*t. Let d = 214 + t. Let p = d - -126. What are the prime factors of p?
2, 5
Suppose 258*s - 393078 = 1586040. What are the prime factors of s?
3, 2557
Let h = 16325 - 14399. List the prime factors of h.
2, 3, 107
What are the prime factors of 656972/69*12/16?
37, 193
Let o = -506 + 1008. What are the prime factors of o?
2, 251
Let v = -2240 + 1532. Let d = -292 - v. Let s = -292 + d. What are the prime factors of s?
2, 31
Suppose 0 = -2*k - 15 + 11. Let z be (-12 + 8)/(k/2). Suppose -3*h + 0*h + 9 = 0, z*h = -p + 110. List the prime factors of p.
2, 7
Let m(i) = i**3 - i**2 + 2*i + 140. Let p be m(0). Suppose 0 = -2*j - p + 1262. List the prime factors of j.
3, 11, 17
Let g = 305 + -321. What are the prime factors of g - -10 - (-5 + -480)?
479
List the prime factors of ((-2)/4)/((-6)/318192*4).
7, 947
Let r(h) = -29*h - 26. Suppose d + 0 = 1, 0 = -4*w + 4*d - 68. Let t be r(w). Suppose 53 - t = -5*l. List the prime factors of l.
7, 11
Let a = 1077 - 691. Let r = a - 282. List the prime factors of r.
2, 13
Let b be -69*(42/(-315))/((-2)/50). What are the prime factors of b/(-55) - 4 - (-20056)/44?
2, 3, 19
Let